{"id":3,"date":"2020-10-16T14:57:54","date_gmt":"2020-10-16T14:57:54","guid":{"rendered":"https:\/\/sitio.kisyntaxis.cl\/?page_id=3"},"modified":"2021-10-29T14:21:29","modified_gmt":"2021-10-29T14:21:29","slug":"privacy-policy","status":"publish","type":"page","link":"https:\/\/tienda.kisyntaxis.cl\/index.php\/privacy-policy\/","title":{"rendered":"Pol\u00edticas de Privacidad"},"content":{"rendered":"<h2 style=\"text-align: center;\"><strong>Pol\u00edticas de Privacidad y Seguridad<br \/>\n<\/strong><br \/>\n<strong>https:\/\/tienda.kisyntaxis.cl.<\/strong><\/h2>\n<p>Las compras que se efect\u00faen en KISyntaxis SPA (en adelante, \u201cKSX Technology\u201d), a trav\u00e9s de la web, venta telef\u00f3nica o en cualquiera de nuestras tiendas (en adelante, las \u201cCompras\u201d), as\u00ed como toda visita a la web, acto u operaci\u00f3n realizada en KSX Technology en forma presencial, telef\u00f3nica o a trav\u00e9s de su sitio web https:\/\/tienda.kisyntaxis.cl, estar\u00e1n sujetas a la pol\u00edtica de privacidad y seguridad prevista en este documento (en adelante, la \u201cPol\u00edtica de Privacidad y Seguridad\u201d), as\u00ed como a la legislaci\u00f3n chilena vigente, en particular a la Ley N\u00b019.628 sobre Protecci\u00f3n de la Vida Privada. Para entregar datos personales, comprar, ingresar productos a servicio t\u00e9cnico o navegar por el sitio web de KSX Technology es necesaria la aceptaci\u00f3n de la Pol\u00edtica de Privacidad y Seguridad.<\/p>\n<p>1.1. Compromiso de Privacidad<\/p>\n<p>KSX Technology vela y velar\u00e1 siempre por guardar la completa privacidad de sus clientes y\/o quienes visiten la web www.kisyntaxis.cl\/web y no traspasar\u00e1, bajo ninguna modalidad y a ninguna empresa no relacionada, datos personales de los clientes registrados por lo que asegura que \u00e9stos ser\u00e1n manejados en forma absolutamente confidencial, conforme lo dispone la legislaci\u00f3n vigente y esta Pol\u00edtica de Privacidad y Seguridad.<\/p>\n<p>1.2. Aceptaci\u00f3n<\/p>\n<p>Todo quien utilice el website www.kisyntaxis.cl\/web consiente en el tratamiento de su informaci\u00f3n, en la forma y para los fines indicados en esta Pol\u00edtica de Privacidad y Seguridad. Usuarios, clientes y visitantes debe ser consciente de que las medidas de seguridad en Internet no son inexpugnables. Por ello, el usuario es el principal responsable de adoptar las medidas de seguridad necesarias para proteger su n\u00famero de tarjeta de cr\u00e9dito y dem\u00e1s informaci\u00f3n personal que estime relevante. Para ingresar al website, se recomienda al cliente escribir directamente www.kisyntaxis.cl\/web y no acceder a trav\u00e9s de alg\u00fan link que provenga de un correo electr\u00f3nico o que nazca de otro sitio web ajeno a www.kisyntaxis.cl\/web.<\/p>\n<p>1.3. Uso de informaci\u00f3n solicitada al cliente<\/p>\n<p>Al registrarse como Cliente KSX Technology, se solicita cierta informaci\u00f3n como nombre, rut, direcci\u00f3n electr\u00f3nica, direcci\u00f3n f\u00edsica y n\u00famero telef\u00f3nico. Esta informaci\u00f3n es usada para contactar al cliente por materias propias de su compra como solicitar datos para validaci\u00f3n de pago, despacho o entregar informaciones sobre productos que est\u00e1n en servicio t\u00e9cnico, por ejemplo.<\/p>\n<p>Asimismo, al entregarnos sus datos personales el usuario autoriza el env\u00edo de todo tipo de informaci\u00f3n relacionada con ofertas y promociones propias de www.kisyntaxis.cl\/web<\/p>\n<p>Los clientes tienen el derecho a la informaci\u00f3n, modificaci\u00f3n, cancelaci\u00f3n o bloqueo de sus datos personales conforme a la Ley N\u00ba 19.628 sobre protecci\u00f3n de datos de car\u00e1cter personal. Este derecho podr\u00e1 ser ejercido enviando un correo electr\u00f3nico a ventas@kisyntaxis.cl.<\/p>\n<p>1.4. Correos electr\u00f3nicos, llamadas fraudulentas o vendedores a terreno<\/p>\n<p>KSX Technology nunca requerir\u00e1 por email n\u00fameros de tarjetas de cr\u00e9dito, claves secretas, o claves de usuario. Si sospecha de alg\u00fan correo o llamado se recomienda ingresar a www.kisyntaxis.cl\/web y modificar los datos personales a la brevedad, como asimismo, avisar a ventas@kisyntaxis.cl.<\/p>\n<p>KSX Technology NO trabaja con vendedores a terreno.<\/p>\n<p>1.5. Informaci\u00f3n de menores de edad<\/p>\n<p>Es responsabilidad de los padres, tutores o guardianes legales la informaci\u00f3n que menores de edad entreguen a KSX Technology. KSX Technologyno tiene ni tendr\u00e1 ninguna responsabilidad por datos personales o informaciones entregadas por menores de edad.<\/p>\n<p>1.6. Casos en que los datos personales podr\u00e1n ser revelados<\/p>\n<p>Adem\u00e1s de aquellos casos expresamente previstos en la legislaci\u00f3n vigente, KSX Technology podr\u00e1 revelar los datos personales entregados por sus clientes en los siguientes casos: (a) Si es requerida a hacerlo por mandato legal o por una orden judicial y en aquellos casos en que sea imprescindible para defender los derechos de KSX Technology o de terceros; (b) Si el cliente consiente expresamente por escrito; y (c) Si la entrega de los datos es imprescindible para que el cliente reciba el servicio o producto que haya solicitado (por ejemplo, a la empresa de courier en el caso de despacho de productos).<\/p>\n<p>1.7. Garant\u00eda de seguridad<\/p>\n<p>KSX Technology utiliza certificado SSL el cual permite total seguridad y privacidad de los datos de quienes visiten este sitio y la realizaci\u00f3n de transacciones electr\u00f3nicas seguras. Este sistema nos garantiza que toda informaci\u00f3n personal entregada por el cliente no podr\u00e1 ser le\u00edda ni capturada por terceros.<\/p>\n<p>1.8. Links a otros sitios<\/p>\n<p>El sitio de www.kisyntaxis.cl\/web puede contener \u201clinks\u201d a otros sitios. KSX Technology no es responsable de las pr\u00e1cticas de seguridad o privacidad, o el contenido de esos sitios. Asimismo, KSX Technology no avala ni se responsabiliza por ninguna informaci\u00f3n, producto o servicio ofrecido en dichos sitios.<\/p>\n<p>1.9. Cookies<\/p>\n<p>Esta p\u00e1gina web emplea cookies. Una cookie es un archivo de texto muy peque\u00f1o, que se puede guardar en el disco duro de un equipo para almacenar alg\u00fan tipo de informaci\u00f3n sobre el cliente y que s\u00f3lo podr\u00e1 ser le\u00edda por el sitio web que emiti\u00f3 dicha cookie. En ning\u00fan caso las cookies ser\u00e1n archivos ejecutables por lo que no contienen virus. Las cookies empleadas NO recogen datos personales de los usuarios (nombres, apellidos, direcci\u00f3n, datos bancarios ni ning\u00fan otro).Cada quien puede configurar su navegador para aceptar o no, las cookies enviadas o para que el navegador avise cuando un servidor intente guardar una cookie en (LINK). Sin embargo el usuario debe tener en cuenta que esto podr\u00eda provocar que no se pueda obtener todo el funcionamiento que este sitio web ofrece.<\/p>\n<p>1.10. Google Analytics<\/p>\n<p>www.kisyntaxis.cl\/web utiliza Google Analytics, un servicio anal\u00edtico de web prestado por Google, Inc. Google Analytics utiliza cookies para ayudar al website a analizar el uso que hacen los usuarios del sitio web. Si desea obtener m\u00e1s informaci\u00f3n sobre el uso que Google hace de los datos recopilados gracias a las cookies, por favor, lea la pol\u00edtica de privacidad de google en http:\/\/www.google.com\/policies\/privacy. Se puede rechazar el uso de las cookies y el uso de los datos relacionados con el sitio (incluyendo su direcci\u00f3n IP) a Google as\u00ed como impedir el tratamiento de estos datos por Google mediante la descarga e instalaci\u00f3n de un plugin en el siguiente enlace: https:\/\/tools.google.com\/dlpage\/gaoptout?hl=es.<\/p>\n<p>1.11. Legislaci\u00f3n y jurisdicci\u00f3n<\/p>\n<p>La pol\u00edtica de seguridad y privacidad se rige por las leyes chilenas. El usuario fija su domicilio en la comuna y ciudad de Santiago y se somete a la jurisdicci\u00f3n de sus tribunales de justicia.<\/p>\n","protected":false},"excerpt":{"rendered":"<p>Pol\u00edticas de Privacidad y Seguridad https:\/\/tienda.kisyntaxis.cl. Las compras que se efect\u00faen en KISyntaxis SPA (en adelante, \u201cKSX Technology\u201d), a trav\u00e9s de la web, venta telef\u00f3nica o en cualquiera de nuestras tiendas (en adelante, las \u201cCompras\u201d), as\u00ed como toda visita a&#8230;<\/p>\n","protected":false},"author":1,"featured_media":0,"parent":0,"menu_order":0,"comment_status":"closed","ping_status":"closed","template":"","meta":{"footnotes":""},"class_list":["post-3","page","type-page","status-publish","hentry"],"_links":{"self":[{"href":"https:\/\/tienda.kisyntaxis.cl\/index.php\/wp-json\/wp\/v2\/pages\/3","targetHints":{"allow":["GET"]}}],"collection":[{"href":"https:\/\/tienda.kisyntaxis.cl\/index.php\/wp-json\/wp\/v2\/pages"}],"about":[{"href":"https:\/\/tienda.kisyntaxis.cl\/index.php\/wp-json\/wp\/v2\/types\/page"}],"author":[{"embeddable":true,"href":"https:\/\/tienda.kisyntaxis.cl\/index.php\/wp-json\/wp\/v2\/users\/1"}],"replies":[{"embeddable":true,"href":"https:\/\/tienda.kisyntaxis.cl\/index.php\/wp-json\/wp\/v2\/comments?post=3"}],"version-history":[{"count":5,"href":"https:\/\/tienda.kisyntaxis.cl\/index.php\/wp-json\/wp\/v2\/pages\/3\/revisions"}],"predecessor-version":[{"id":1420,"href":"https:\/\/tienda.kisyntaxis.cl\/index.php\/wp-json\/wp\/v2\/pages\/3\/revisions\/1420"}],"wp:attachment":[{"href":"https:\/\/tienda.kisyntaxis.cl\/index.php\/wp-json\/wp\/v2\/media?parent=3"}],"curies":[{"name":"wp","href":"https:\/\/api.w.org\/{rel}","templated":true}]}}