{"id":1506,"date":"2021-11-22T15:49:21","date_gmt":"2021-11-22T15:49:21","guid":{"rendered":"https:\/\/tienda.kisyntaxis.cl\/?post_type=product&#038;p=1506"},"modified":"2022-12-19T14:09:03","modified_gmt":"2022-12-19T14:09:03","slug":"lector-de-codigo-de-barras-omnidireccional","status":"publish","type":"product","link":"https:\/\/tienda.kisyntaxis.cl\/index.php\/product\/lector-de-codigo-de-barras-omnidireccional\/","title":{"rendered":"Lector de c\u00f3digo de barras Omnidireccional"},"content":{"rendered":"","protected":false},"excerpt":{"rendered":"<p>Plataforma de esc\u00e1ner de c\u00f3digo de barras profesional, compatible con c\u00f3digos de barras 1D \/ 2D en papel \/ pel\u00edcula \/ pantalla.<br \/>\nAdapta el sensor COMS 960 * 680, excelente capacidad de decodificaci\u00f3n, buena para identificar c\u00f3digos irregulares.<br \/>\n1300 veces \/ segundo, alta velocidad de decodificaci\u00f3n y alta precisi\u00f3n.<br \/>\nDispositivo de distribuci\u00f3n de luz atomizadora, proporciona una iluminaci\u00f3n suave y cuidado de los ojos.<br \/>\nResistente al polvo y al agua, larga vida \u00fatil.<br \/>\nSin controladores, compatible con Windows XP, Windows 7~10, linux, IOS, Android, etc.<\/p>\n","protected":false},"featured_media":1709,"comment_status":"open","ping_status":"closed","template":"","meta":[],"product_cat":[15,62],"product_tag":[],"class_list":["post-1506","product","type-product","status-publish","has-post-thumbnail","hentry","product_cat-uncategorized","product_cat-lector-de-codigos"],"_links":{"self":[{"href":"https:\/\/tienda.kisyntaxis.cl\/index.php\/wp-json\/wp\/v2\/product\/1506","targetHints":{"allow":["GET"]}}],"collection":[{"href":"https:\/\/tienda.kisyntaxis.cl\/index.php\/wp-json\/wp\/v2\/product"}],"about":[{"href":"https:\/\/tienda.kisyntaxis.cl\/index.php\/wp-json\/wp\/v2\/types\/product"}],"replies":[{"embeddable":true,"href":"https:\/\/tienda.kisyntaxis.cl\/index.php\/wp-json\/wp\/v2\/comments?post=1506"}],"wp:featuredmedia":[{"embeddable":true,"href":"https:\/\/tienda.kisyntaxis.cl\/index.php\/wp-json\/wp\/v2\/media\/1709"}],"wp:attachment":[{"href":"https:\/\/tienda.kisyntaxis.cl\/index.php\/wp-json\/wp\/v2\/media?parent=1506"}],"wp:term":[{"taxonomy":"product_cat","embeddable":true,"href":"https:\/\/tienda.kisyntaxis.cl\/index.php\/wp-json\/wp\/v2\/product_cat?post=1506"},{"taxonomy":"product_tag","embeddable":true,"href":"https:\/\/tienda.kisyntaxis.cl\/index.php\/wp-json\/wp\/v2\/product_tag?post=1506"}],"curies":[{"name":"wp","href":"https:\/\/api.w.org\/{rel}","templated":true}]}}